{"id":3957,"date":"2023-05-03T14:04:33","date_gmt":"2023-05-03T12:04:33","guid":{"rendered":"https:\/\/neovaria.eu\/shop\/produkt\/leitertraeger-hinten-fuer-vw-crafter\/"},"modified":"2025-12-18T20:54:55","modified_gmt":"2025-12-18T19:54:55","slug":"leitertraeger-hinten-fuer-vw-crafter","status":"publish","type":"product","link":"https:\/\/neovaria.eu\/shop\/produkt\/leitertraeger-hinten-fuer-vw-crafter\/","title":{"rendered":"Leitertr\u00e4ger hinten f\u00fcr VW Crafter"},"content":{"rendered":"<p>Leitertr\u00e4ger hinten f\u00fcr VW Crafter<\/p>\n<p>Pritschenbreite 2040 mm, feuerverzinkt, inkl. Gummiauflageprofil, Baujahr ab 2017<\/p>\n<p><b>&#8211; Auflageh\u00f6he \u00e4hnlich wie vorn &#8211;\u00a0<\/b><\/p>\n","protected":false},"excerpt":{"rendered":"<p>Leitertr\u00e4ger hinten f\u00fcr VW Crafter Pritschenbreite 2040 mm, feuerverzinkt, inkl. Gummiauflageprofil, Baujahr ab 2017 &#8211; Auflageh\u00f6he \u00e4hnlich wie vorn &#8211;\u00a0<\/p>\n","protected":false},"featured_media":3958,"comment_status":"open","ping_status":"closed","template":"","meta":[],"product_brand":[],"product_cat":[230],"product_tag":[],"class_list":{"0":"post-3957","1":"product","2":"type-product","3":"status-publish","4":"has-post-thumbnail","6":"product_cat-leitergestelle-fuer-volkswagen","7":"product_shipping_class-kostenloser-versand","9":"first","10":"onbackorder","11":"taxable","12":"shipping-taxable","13":"purchasable","14":"product-type-simple"},"_links":{"self":[{"href":"https:\/\/neovaria.eu\/shop\/wp-json\/wp\/v2\/product\/3957","targetHints":{"allow":["GET"]}}],"collection":[{"href":"https:\/\/neovaria.eu\/shop\/wp-json\/wp\/v2\/product"}],"about":[{"href":"https:\/\/neovaria.eu\/shop\/wp-json\/wp\/v2\/types\/product"}],"replies":[{"embeddable":true,"href":"https:\/\/neovaria.eu\/shop\/wp-json\/wp\/v2\/comments?post=3957"}],"wp:featuredmedia":[{"embeddable":true,"href":"https:\/\/neovaria.eu\/shop\/wp-json\/wp\/v2\/media\/3958"}],"wp:attachment":[{"href":"https:\/\/neovaria.eu\/shop\/wp-json\/wp\/v2\/media?parent=3957"}],"wp:term":[{"taxonomy":"product_brand","embeddable":true,"href":"https:\/\/neovaria.eu\/shop\/wp-json\/wp\/v2\/product_brand?post=3957"},{"taxonomy":"product_cat","embeddable":true,"href":"https:\/\/neovaria.eu\/shop\/wp-json\/wp\/v2\/product_cat?post=3957"},{"taxonomy":"product_tag","embeddable":true,"href":"https:\/\/neovaria.eu\/shop\/wp-json\/wp\/v2\/product_tag?post=3957"}],"curies":[{"name":"wp","href":"https:\/\/api.w.org\/{rel}","templated":true}]}}