{"id":3619,"date":"2023-01-15T11:53:26","date_gmt":"2023-01-15T10:53:26","guid":{"rendered":"https:\/\/neovaria.eu\/shop\/?post_type=product&#038;p=3619"},"modified":"2024-10-03T21:19:02","modified_gmt":"2024-10-03T19:19:02","slug":"led-leuchte-megalux-pir-bewegungssensor","status":"publish","type":"product","link":"https:\/\/neovaria.eu\/shop\/produkt\/led-leuchte-megalux-pir-bewegungssensor\/","title":{"rendered":"LED Leuchte &#8211; MEGALUX PIR Bewegungssensor"},"content":{"rendered":"<p><b>MEGALUX LIGHT 12V 4W 480LM inkl. PIR-Bewegungssensor<\/b><\/p>\n<p>&#8211;&nbsp;&nbsp;&nbsp;&nbsp;&nbsp;&nbsp; Schutzklasse IP66<\/p>\n<p>Die in der PIR-Sensor-Version verwendete Elektronik reagiert auf Bewegung und K\u00f6rperw\u00e4rme. Sobald der Sensor ausgel\u00f6st wird, schaltet sich das Ger\u00e4t f\u00fcr 5 Minuten ein und schaltet automatisch ab. Dadurch wird unn\u00f6tige Belastung verhindert und die Lebensdauer der Batterie verl\u00e4ngert. Bei einer&nbsp;dauerhaften Bewegung bleiben die Lichter eingeschaltet.<\/p>\n<p>&nbsp;<\/p>\n<p><b>Technische Daten<\/b><\/p>\n<p>&#8211;&nbsp;&nbsp;&nbsp;&nbsp;&nbsp;&nbsp; Spannungsbereich VDC&nbsp;12,<\/p>\n<p>&#8211;&nbsp;&nbsp;&nbsp;&nbsp;&nbsp;&nbsp; Lichtleistung 480 lm<\/p>\n<p>&#8211;&nbsp;&nbsp;&nbsp;&nbsp;&nbsp;&nbsp; Watt 4w<\/p>\n<p>&#8211;&nbsp;&nbsp;&nbsp;&nbsp;&nbsp;&nbsp; Gewicht 0,15 kg<\/p>\n<p>&#8211;&nbsp;&nbsp;&nbsp;&nbsp;&nbsp;&nbsp; Temp.-Bereich -30 bis +40 \u00b0C<\/p>\n<p>&#8211;&nbsp;&nbsp;&nbsp;&nbsp;&nbsp;&nbsp; IP66<\/p>\n<p>&nbsp;<\/p>\n<p>&nbsp;<\/p>\n","protected":false},"excerpt":{"rendered":"<p>MEGALUX LIGHT 12V 4W 480LM inkl. PIR-Bewegungssensor &#8211;&nbsp;&nbsp;&nbsp;&nbsp;&nbsp;&nbsp; Schutzklasse IP66 Die in der PIR-Sensor-Version verwendete Elektronik reagiert auf Bewegung und K\u00f6rperw\u00e4rme. Sobald der Sensor ausgel\u00f6st wird, schaltet sich das Ger\u00e4t f\u00fcr 5 Minuten ein und schaltet automatisch ab. Dadurch wird unn\u00f6tige Belastung verhindert und die Lebensdauer der Batterie verl\u00e4ngert. Bei einer&nbsp;dauerhaften Bewegung bleiben die Lichter [&#8230;]<\/p>\n","protected":false},"featured_media":4419,"comment_status":"open","ping_status":"closed","template":"","meta":[],"product_brand":[],"product_cat":[242,185,237],"product_tag":[],"class_list":{"0":"post-3619","1":"product","2":"type-product","3":"status-publish","4":"has-post-thumbnail","6":"product_cat-12v-leuchten","7":"product_cat-aufbauleuchten","8":"product_cat-bewegungssensor","9":"product_shipping_class-paketversand","11":"first","12":"instock","13":"taxable","14":"shipping-taxable","15":"purchasable","16":"product-type-simple"},"_links":{"self":[{"href":"https:\/\/neovaria.eu\/shop\/wp-json\/wp\/v2\/product\/3619","targetHints":{"allow":["GET"]}}],"collection":[{"href":"https:\/\/neovaria.eu\/shop\/wp-json\/wp\/v2\/product"}],"about":[{"href":"https:\/\/neovaria.eu\/shop\/wp-json\/wp\/v2\/types\/product"}],"replies":[{"embeddable":true,"href":"https:\/\/neovaria.eu\/shop\/wp-json\/wp\/v2\/comments?post=3619"}],"wp:featuredmedia":[{"embeddable":true,"href":"https:\/\/neovaria.eu\/shop\/wp-json\/wp\/v2\/media\/4419"}],"wp:attachment":[{"href":"https:\/\/neovaria.eu\/shop\/wp-json\/wp\/v2\/media?parent=3619"}],"wp:term":[{"taxonomy":"product_brand","embeddable":true,"href":"https:\/\/neovaria.eu\/shop\/wp-json\/wp\/v2\/product_brand?post=3619"},{"taxonomy":"product_cat","embeddable":true,"href":"https:\/\/neovaria.eu\/shop\/wp-json\/wp\/v2\/product_cat?post=3619"},{"taxonomy":"product_tag","embeddable":true,"href":"https:\/\/neovaria.eu\/shop\/wp-json\/wp\/v2\/product_tag?post=3619"}],"curies":[{"name":"wp","href":"https:\/\/api.w.org\/{rel}","templated":true}]}}