{"id":2289,"date":"2021-10-26T22:18:27","date_gmt":"2021-10-26T20:18:27","guid":{"rendered":"https:\/\/neovaria.eu\/shop\/produkt\/slimline-pir\/"},"modified":"2024-10-03T21:19:03","modified_gmt":"2024-10-03T19:19:03","slug":"slimline-pir","status":"publish","type":"product","link":"https:\/\/neovaria.eu\/shop\/produkt\/slimline-pir\/","title":{"rendered":"SLIMLINE PIR LED Leuchte Bewegungsmelder"},"content":{"rendered":"<p>Die in diesem Ger\u00e4t verwendete Elektronik wurde entwickelt, um bei  <b>Bewegung <\/b>und <b>K\u00f6rperw\u00e4rme <\/b>den Schalter zu steuern.<\/p>\n<p>Sobald der Sensor ausgel\u00f6st wurde, schaltet die Timer-Einheit  automatisch die angeschlossenen Lampen f\u00fcr eine Dauer von <b>30 Sekunden<\/b> an, bevor wieder automatisch ausgeschaltet wird.&nbsp;<\/p>\n<p>Wenn eine kontinuierliche Bewegung erkannt wird, bleiben  die Lichter eingeschaltet.<\/p>\n<p>Spannungsbereich VDC<span> <\/span>10-15, max 4,5A, 0,09 kg, IP50<\/p>\n<p>Abmessungen: 119,5&nbsp; x 44 x 19 mm<\/p>\n","protected":false},"excerpt":{"rendered":"<p>Die in diesem Ger\u00e4t verwendete Elektronik wurde entwickelt, um bei Bewegung und K\u00f6rperw\u00e4rme den Schalter zu steuern. Sobald der Sensor ausgel\u00f6st wurde, schaltet die Timer-Einheit automatisch die angeschlossenen Lampen f\u00fcr eine Dauer von 30 Sekunden an, bevor wieder automatisch ausgeschaltet wird.&nbsp; Wenn eine kontinuierliche Bewegung erkannt wird, bleiben die Lichter eingeschaltet. Spannungsbereich VDC 10-15, max [&#8230;]<\/p>\n","protected":false},"featured_media":3028,"comment_status":"open","ping_status":"closed","template":"","meta":[],"product_brand":[],"product_cat":[237],"product_tag":[],"class_list":{"0":"post-2289","1":"product","2":"type-product","3":"status-publish","4":"has-post-thumbnail","6":"product_cat-bewegungssensor","7":"product_shipping_class-paketversand","9":"first","10":"instock","11":"taxable","12":"shipping-taxable","13":"purchasable","14":"product-type-simple"},"_links":{"self":[{"href":"https:\/\/neovaria.eu\/shop\/wp-json\/wp\/v2\/product\/2289","targetHints":{"allow":["GET"]}}],"collection":[{"href":"https:\/\/neovaria.eu\/shop\/wp-json\/wp\/v2\/product"}],"about":[{"href":"https:\/\/neovaria.eu\/shop\/wp-json\/wp\/v2\/types\/product"}],"replies":[{"embeddable":true,"href":"https:\/\/neovaria.eu\/shop\/wp-json\/wp\/v2\/comments?post=2289"}],"wp:featuredmedia":[{"embeddable":true,"href":"https:\/\/neovaria.eu\/shop\/wp-json\/wp\/v2\/media\/3028"}],"wp:attachment":[{"href":"https:\/\/neovaria.eu\/shop\/wp-json\/wp\/v2\/media?parent=2289"}],"wp:term":[{"taxonomy":"product_brand","embeddable":true,"href":"https:\/\/neovaria.eu\/shop\/wp-json\/wp\/v2\/product_brand?post=2289"},{"taxonomy":"product_cat","embeddable":true,"href":"https:\/\/neovaria.eu\/shop\/wp-json\/wp\/v2\/product_cat?post=2289"},{"taxonomy":"product_tag","embeddable":true,"href":"https:\/\/neovaria.eu\/shop\/wp-json\/wp\/v2\/product_tag?post=2289"}],"curies":[{"name":"wp","href":"https:\/\/api.w.org\/{rel}","templated":true}]}}